 - -121211020?
121033111
In base 10, what is -5 - 220675665?
-220675670
In base 9, what is -10 + 33383?
33373
In base 8, what is -567 - -25647?
25060
In base 4, what is -12022011031201 - -10?
-12022011031131
In base 13, what is 2 - 145c575?
-145c573
In base 14, what is -1cc273a - -3?
-1cc2737
In base 2, what is -100111110010 - -100011111000?
-11111010
In base 14, what is -1cb + -22dc6?
-231b3
In base 2, what is 0 - 11101011101110110011?
-11101011101110110011
In base 16, what is -d864ef + -4?
-d864f3
In base 12, what is -1767 - 23498?
-25043
In base 4, what is -111 - -1021223130?
1021223013
In base 15, what is 56064a9 - -b?
56064b5
In base 9, what is -100 + -8266286?
-8266386
In base 5, what is 2404 - -214142?
222101
In base 9, what is 0 + 34761127?
34761127
In base 4, what is 0 + -23200312103?
-23200312103
In base 8, what is 635 - 24351?
-23514
In base 15, what is 3e + 2cb81?
2cbc0
In base 3, what is -221220 + -202121101120?
-202122100110
In base 15, what is -7a7380e - 5?
-7a73814
In base 13, what is -15 + 34a307?
34a2c2
In base 2, what is -101110010001011011 - 101111011?
-101110010111010110
In base 11, what is 9777 - 23?
9754
In base 4, what is 120003101130 + 123?
120003101313
In base 12, what is -86220 - 51?
-86271
In base 6, what is 24 - 15234553323?
-15234553255
In base 5, what is 4 + 3341332434?
3341332443
In base 9, what is 5882 + 3473?
10465
In base 14, what is 105597 + -6?
105591
In base 12, what is 1572aa2 + -12?
1572a90
In base 7, what is -15 + -122613564?
-122613612
In base 13, what is 9319c + -33?
93169
In base 4, what is 10013130123012 - 1?
10013130123011
In base 14, what is 41847 + 129?
41972
In base 12, what is 833735 + -3?
833732
In base 14, what is -2 + -1d4c4a?
-1d4c4c
In base 13, what is -a8b4 + 1aba?
-8ac7
In base 14, what is 80b - -23aa1?
244ac
In base 8, what is -11 - -127256566?
127256555
In base 11, what is -26739 + 11414?
-15325
In base 8, what is -11350 + 73522?
62152
In base 3, what is -10 - -102200112210110021?
102200112210110011
In base 14, what is -83abdd6 + 4?
-83abdd2
In base 14, what is 17caa6 - 269?
17c83b
In base 3, what is 2 + -2100101221002200?
-2100101221002121
In base 10, what is -23 - -3167545?
3167522
In base 11, what is -1a783a43 - -2?
-1a783a41
In base 13, what is 3555ab + 4?
3555b2
In base 6, what is 52300104 + 1?
52300105
In base 15, what is -5 + -8e7be2?
-8e7be7
In base 9, what is 1022 + -2067?
-1045
In base 12, what is 2 + 7672a35?
7672a37
In base 14, what is 478 - d7ac?
-d334
In base 13, what is 1511 - -297?
17a8
In base 10, what is 915065 - 5?
915060
In base 10, what is -1 - -4799954?
4799953
In base 10, what is 2817 - -383?
3200
In base 5, what is -31302002 - -10?
-31301442
In base 14, what is -3cd1bb61 - 2?
-3cd1bb63
In base 7, what is 4 + 6050053?
6050060
In base 16, what is 4 + 6d406?
6d40a
In base 16, what is 2d76 - -1dc9?
4b3f
In base 13, what is bc530 - 9a?
bc463
In base 10, what is -2 - -15491154?
15491152
In base 5, what is 1241410134120 - 10?
1241410134110
In base 2, what is 111101 - 110001110100100001011011?
-110001110100100000011110
In base 9, what is 144013707 + 4?
144013712
In base 16, what is b - 1c2f2?
-1c2e7
In base 13, what is 24359b4 + -5?
24359ac
In base 4, what is 21132003 - 2203212?
12322131
In base 4, what is -33221 + -113320312?
-120020133
In base 3, what is 1 - -2220011122111?
2220011122112
In base 10, what is -16574220 - 13?
-16574233
In base 13, what is -8bb861 + -11?
-8bb872
In base 8, what is 0 + 42417356?
42417356
In base 2, what is -100011000000110000 + 1111000001?
-100010110001101111
In base 8, what is 13062 - 2065?
10775
In base 6, what is 10155521 - 444?
10155033
In base 11, what is 338600 - -19?
338619
In base 15, what is 1004e + e1?
10140
In base 11, what is -68 - -90a30?
90973
In base 16, what is -bd5057 - 0?
-bd5057
In base 13, what is -b61a22 - -79?
-b61976
In base 16, what is -4a1 + 51e9c?
519fb
In base 12, what is 1ba24 + b2?
1bb16
In base 5, what is -11033 - -3034101?
3023013
In base 14, what is -65 - -65b123?
65b09c
In base 7, what is 50555 - -3620?
54505
In base 4, what is -2031323122220 + -11?
-2031323122231
In base 9, what is -18465511 + -2?
-18465513
In base 8, what is -11 + 3752311?
3752300
In base 6, what is -212541330 + -113?
-212541443
In base 12, what is 3 - -26179321?
26179324
In base 10, what is 0 + -153128331?
-153128331
In base 11, what is -282064 - -4?
-282060
In base 11, what is -222168 + 808?
-221460
In base 9, what is -615 - 2265080?
-2265705
In base 6, what is -2 + -544151522?
-544151524
In base 2, what is 10010000101101100110100 - 101110?
10010000101101100000110
In base 3, what is 201211020112200222 + 12?
201211020112201011
In base 14, what is 9 - -d71c8a?
d71c95
In base 2, what is -11 - -111001000010011001111?
111001000010011001100
In base 14, what is -191 - 22815?
-229a6
In base 6, what is 3314355010 - 3?
3314355003
In base 16, what is 56c7 + 1e8?
58af
In base 14, what is 20b283d2 - -4?
20b283d6
In base 10, what is 1944688 - 0?
1944688
In base 16, what is 0 - -1a3e5a?
1a3e5a
In base 12, what is 1b7239 + -1a?
1b721b
In base 15, what is 1a2 + -188e?
-16dc
In base 12, what is 548 + ba535?
baa81
In base 8, what is -1 - 235120715?
-235120716
In base 6, what is -122310042 - 4?
-122310050
In base 7, what is -26 - 1165351?
-1165410
In base 12, what is 5 + -182b904?
-182b8bb
In base 8, what is 50413604 - 5?
50413577
In base 12, what is -5615b + -147?
-562a6
In base 4, what is 1211021 - -1020021?
2231102
In base 12, what is -666a + -56?
-6704
In base 15, what is -c21 + -341e?
-4140
In base 7, what is -144646602 - 5?
-144646610
In base 16, what is 3454 - -f16?
436a
In base 3, what is -2211100 - -10101011?
112211
In base 16, what is -1874556 - -3?
-1874553
In base 5, what is -3021133310 - -10?
-3021133300
In base 13, what is 934 - 2736?
-1b02
In base 13, what is -2b + -19b62?
-19b90
In base 5, what is 13030312332 + -2?
13030312330
In base 3, what is 11012021 - 20222011021?
-20210222000
In base 16, what is -5 + -3f2228?
-3f222d
In base 5, what is -12313124 + -21033?
-12334212
In base 10, what is 169 - -31736?
31905
In base 7, what is -10261355 - 1532?
-10263220
In base 2, what is -101 + 10010100101101001111010?
10010100101101001110101
In base 11, what is 23111a89 - -5?
23111a93
In base 16, what is 2960f7 + 2?
2960f9
In base 16, what is -30 + -37514?
-37544
In base 10, what is -3 - 3731148?
-3731151
In base 3, what is -1100 - 221021011?
-221022111
In base 14, what is -4 - 4a9328?
-4a932c
In base 16, what is -3 + 9a622bd?
9a622ba
In base 14, what is -7cac - 457?
-8325
In base 5, what is 4 + 1234434410?
1234434414
In base 5, what is 10 + 44300022303?
44300022313
In base 4, what is 20 + 10210330331?
10210331011
In base 15, what is 461 - 4d2d?
-48bc
In base 10, what is 0 - 4099364?
-4099364
In base 13, what is -34 - -29376b9?
2937685
In base 11, what is 441a9 - -1a04?
46102
In base 16, what is -1401cd4 - 4?
-1401cd8
In base 9, what is -17671 + -3484?
-22265
In base 4, what is -2 + -31003310113?
-31003310121
In base 12, what is -152635496 - 1?
-152635497
In base 16, what is -1ca4 + d11?
-f93
In base 7, what is -462466 - 3441?
-466240
In base 8, what is 130500471 - -2?
130500473
In base 2, what is -11101111011011010010 + -1001?
-11101111011011011011
In base 3, what is 211102121 + 2202221022?
10121100220
In base 9, what is -772103 + 438?
-771554
In base 12, what is -43b3298 - -2?
-43b3296
In base 7, what is 232 + -5044401?
-5044136
In base 12, what is 44a7 + -171?
4336
In base 3, what is 2110110010112201 - -10?
2110110010112211
In base 11, what is -121 + 1a350?
1a22a
In base 7, what is 4015 + -2511553?
-2504535
In base 16, what is -625 + c15?
5f0
In base 7, what is 2525 - 112301?
-106443
In base 6, what is -32140525345 - -10?
-32140525335
In base 10, what is 71 + -209857?
-209786
In base 16, what is b60 - -bd4?
1734
In base 11, what is -43481a7 - 211?
-4348408
In base 14, what is 131b4 - 15da?
119b8
In base 3, what is -10121202 - 1011102012?
-1022000221
In base 4, what is 11 + 11232321120230?
11232321120301
In base 10, what is 200 - -662152?
662352
In base 3, what is -1 - 2201111012122?
-2201111012200
In base 9, what is -1 + 136757888?
136757887
In base 14, what is -37da + -d668?
-13064
In base 15, what is 4a + 1e00a9?
1e0104
In base 8, what is 1 -